11.
-675
What is 1445 (base 7) in base 2?
1000111100
-2201121 (base 3) to base 8
-3703
346 (base 13) to base 10
565
What is -4327 (base 9) in base 6?
-22424
Convert 6b0b (base 13) to base 10.
15052
-439 (base 12) to base 13
-38a
44c4 (base 14) to base 7
46534
Convert -26326 (base 8) to base 10.
-11478
What is 6650 (base 10) in base 11?
4aa6
cab (base 14) to base 15
b1d
Convert 15665 (base 13) to base 3.
2001202022
What is -414 (base 13) in base 5?
-10233
Convert 10778 (base 12) to base 7.
120443
Convert -11 (base 9) to base 4.
-22
Convert 40845 (base 10) to base 3.
2002000210
What is -10010000101011110 (base 2) in base 14?
-1cdd4
What is -15470 (base 10) in base 6?
-155342
-14b4c (base 13) to base 5
-2224042
-122011 (base 3) to base 8
-717
Convert -11120 (base 4) to base 7.
-1001
Convert -11412 (base 5) to base 13.
-50c
What is 3024 (base 5) in base 7?
1064
Convert -2606 (base 7) to base 5.
-12421
Convert 213222 (base 4) to base 16.
9ea
What is 414 (base 9) in base 16?
151
Convert 220 (base 6) to base 11.
77
What is 10212110 (base 3) in base 16?
b04
4550 (base 6) to base 14
56a
Convert 756 (base 9) to base 7.
1542
Convert 47d (base 14) to base 7.
2416
3053 (base 7) to base 11
890
Convert 1210 (base 3) to base 16.
30
Convert -230330 (base 5) to base 13.
-397c
Convert 10001100000 (base 2) to base 4.
101200
What is -35b3 (base 14) in base 5?
-244434
What is -633 (base 15) in base 5?
-21043
What is 1101404 (base 5) in base 13?
883c
40a (base 12) to base 5
4321
-1672 (base 10) to base 9
-2257
Convert -68b2 (base 13) to base 6.
-151543
What is e8c3 (base 15) in base 13?
19542
What is 19660 (base 10) in base 4?
10303030
What is -815 (base 13) in base 6?
-10202
45 (base 6) to base 8
35
What is -13244 (base 6) in base 14?
-a60
a54 (base 14) to base 11
158a
What is -1221 (base 10) in base 12?
-859
What is -2749 (base 11) in base 16?
-dea
-110100000010 (base 2) to base 10
-3330
9592 (base 14) to base 13
b98c
-32042 (base 5) to base 8
-4143
What is -1b7 (base 12) in base 11?
-238
What is 1101110000010100 (base 2) in base 8?
156024
What is 1210444 (base 5) in base 16?
5860
Convert -2303 (base 9) to base 10.
-1704
30132 (base 4) to base 13
495
-279 (base 14) to base 12
-357
Convert -7554 (base 11) to base 7.
-41046
What is -1778 (base 10) in base 13?
-a6a
Convert 663 (base 12) to base 2.
1110101011
-10615 (base 7) to base 9
-3637
2479 (base 14) to base 7
24412
Convert -20011010 (base 3) to base 11.
-3408
Convert 32033 (base 4) to base 12.
63b
What is 5dc (base 16) in base 4?
113130
Convert 3ed (base 15) to base 12.
62a
203112 (base 4) to base 12
1386
Convert -25979 (base 11) to base 9.
-55815
What is 1523 (base 9) in base 16?
483
-70021 (base 9) to base 3
-2100000201
1000 (base 5) to base 8
175
What is -3631 (base 12) in base 9?
-8311
Convert 1489 (base 11) to base 12.
1134
Convert -22033 (base 4) to base 14.
-34b
Convert -a40 (base 13) to base 11.
-1344
What is 143312 (base 5) in base 4?
1133002
24055 (base 9) to base 4
3323120
What is 2aa7 (base 14) in base 13?
35c3
211101001 (base 3) to base 14
5d2d
Convert 15ca (base 14) to base 12.
2312
Convert 3653 (base 8) to base 3.
2200201
Convert -211002 (base 3) to base 15.
-29b
1330100 (base 6) to base 8
220264
509 (base 14) to base 11
81a
-632 (base 10) to base 9
-772
Convert 3047 (base 11) to base 16.
fcc
-4505 (base 6) to base 7
-3026
Convert 79a (base 11) to base 16.
3bc
What is -5224 (base 14) in base 13?
-6590
What is 15ba0 (base 14) in base 10?
54432
Convert 1110000001 (base 2) to base 6.
4053
Convert 954 (base 11) to base 8.
2174
What is -8b59 (base 12) in base 4?
-3301311
10133 (base 4) to base 3
101122
What is 101000 (base 3) in base 4?
10032
Convert 11101220 (base 3) to base 11.
2459
What is -6204 (base 7) in base 9?
-2860
101110101101011 (base 2) to base 11
16a71
Convert -133 (base 4) to base 14.
-23
What is -245222 (base 7) in base 14?
-125b9
1011101 (base 3) to base 16
34f
5a (base 11) to base 12
55
Convert -242340 (base 6) to base 9.
-32186
Convert 190aa (base 13) to base 11.
33468
What is -23663 (base 9) in base 15?
-4a6c
What is 1510 (base 14) in base 8?
7232
-2372 (base 9) to base 12
-1032
-2734 (base 13) to base 8
-12764
-877 (base 11) to base 10
-1052
Convert -217 (base 11) to base 9.
-318
What is -10101000111000 (base 2) in base 12?
-6308
Convert -457 (base 13) to base 3.
-1000201
-13a2 (base 14) to base 6
-24030
What is -24600 (base 12) in base 13?
-19554
Convert -633 (base 10) to base 4.
-21321
Convert 254 (base 10) to base 15.
11e
-1100100110011 (base 2) to base 12
-3897
What is 101121 (base 3) in base 15?
141
Convert 213014 (base 5) to base 12.
424b
Convert 5c4 (base 16) to base 3.
2000200
-107a (base 12) to base 5
-24242
Convert 26125 (base 7) to base 3.
100111121
Convert 131131 (base 4) to base 3.
2120211
What is -48112 (base 9) in base 5?
-2012133
Convert -65b (base 12) to base 8.
-1647
Convert 24 (base 15) to base 5.
114
What is -33101 (base 4) in base 14?
-4db
-64bd (base 14) to base 15
-5260
What is 9c61 (base 13) in base 7?
120535
What is 210020 (base 3) in base 11?
481
2a04 (base 16) to base 8
25004
-415050 (base 6) to base 3
-1200222010
What is 786 (base 9) in base 7?
1611
What is -b69 (base 15) in base 10?
-2574
112 (base 12) to base 4
2132
What is -13331023 (base 4) in base 6?
-410511
What is 22435 (base 6) in base 14?
123d
Convert 266 (base 10) to base 2.
100001010
Convert 1547 (base 8) to base 7.
2353
Convert -2cb6 (base 13) to base 10.
-6571
100 (base 13) to base 4
2221
3c (base 13) to base 15
36
What is 2450 (base 7) in base 5?
12132
What is 273 (base 12) in base 15?
1a0
What is 12a9 (base 14) in base 3?
11111200
Convert -a09b (base 13) to base 8.
-53122
Convert 1a3 (base 14) to base 10.
339
What is -32003 (base 4) in base 14?
-483
Convert -3367 (base 9) to base 12.
-1537
Convert 111021 (base 3) to base 7.
1021
What is 211200 (base 3) in base 10?
612
-240 (base 13) to base 10
-390
-331516 (base 7) to base 11
-3a822
-112232 (base 5) to base 2
-111111100011
Convert -11111111 (base 2) to base 15.
-120
Convert -649 (base 10) to base 16.
-289
-10011111 (base 2) to base 6
-423
Convert 3886 (base 9) to base 16.
b61
Convert -1693 (base 10) to base 16.
-69d
Convert 20212023 (base 4) to base 10.
35211
d625 (base 14) to base 15
addb
What is -321101 (base 5) in base 6?
-121520
122012001 (base 3) to base 15
3aa4
What is 2223 (base 6) in base 3?
201020
What is -2c (base 16) in base 4?
-230
What is -49684 (base 10) in base 5?
-3042214
Convert 1021223 (base 4) to base 5.
122330
-5c63 (base 13) to base 12
-76b2
100001001111 (base 2) to base 14
abd
221132 (base 4) to base 12
1652
-2d85 (base 14) to base 8
-17731
21620 (base 7) to base 5
133303
What is 1200222 (base 3) in base 16?
4d9
What is -17620 (base 9) in base 11?
-9162
Convert 109b (base 14) to base 3.
10221201
Convert 25a7 (base 11) to base 12.
1b60
Convert -1105 (base 6) to base 13.
-16a
What is 22424 (base 5) in base 6?
11250
Convert 13222 (base 5) to base 15.
4ac
What is -133046 (base 7) in base 2?
-110000111110001
7077 (base 8) to base 14
1487
Convert -101110110100 (base 2) to base 15.
-d4b
Convert -2311 (base 8) to base 6.
-5401
What is 1123 (base 14) in base 11?
2261
3d87 (base 16) to base 7
63631
What is 1137 (base 8) in base 14?
315
Convert b79 (base 12) to base 5.
23202
What is 3e (base 15) in base 6?
135
What is 3684 (base 12) in base 14?
2352
4201 (base 7) to base 2
10110111111
-20200001 (base 3) to base 16
-12fd
193 (base 15) to base 6
1403
What is 181 (base 9) in base 6?
414
-2765 (base 9) to base 2
-100000100100
Convert -1a308 (base 11) to base 2.
-110111010100010
20302 (base 6) to base 5
41302
What is -582 (base 13) in base 4?
-32313
What is 1030033 (base 4) in base 2?
1001100001111
Convert -757 (base 13) to base 6.
-5451
Convert -75 (base 13) to base 4.
-1200
What is -10000111 (base 3) in base 11?
-1720
What is 9caa (base 13) in base 6?
245325
Convert -e4 (base 15) to base 6.
-554
What is 517b (base 12) in base 2?
10001010101111
What is -622 (base 15) in base 4?
-111212
What is 8d04 (base 14) in base 12?
12220
Convert 215 (base 16) to base 10.
533
-104 (base 14) to base 12
-148
-3b5a (base 12) to base 2
-1101010110110
Convert 15363 (base 7) to base 13.
1c65
What is -1600 (base 7) in base 10?
-637
What is 14 (base